- 0*s. Suppose -14 = -f + 2*u, 4*u = -q*f + 19 + 13. Is (0 + -3 - -1) + f a multiple of 5?
True
Suppose -3*d - 4*s + 18 = 0, d = 4*s - 1 - 9. Let q(c) = 3*c**d + 0 - 2 - 2*c**2 - c**3. Is 17 a factor of q(-3)?
True
Let r be (-1892)/(-8) + (-2)/(-4). Suppose r = -k + 4*k. Suppose -55 = -3*i - 2*w, 3*w + k = i + 4*i. Is 17 a factor of i?
True
Let t = 0 + -8. Let l = t + 25. Is 17 a factor of l?
True
Let m be (-2 - 0)*(1 + -14). Does 9 divide (32/10)/(m/325)?
False
Suppose 0*j + 34 = 2*j + 4*s, 4*s + 50 = 2*j. Is 21 a factor of j?
True
Let u(z) = -28*z - 19. Does 26 divide u(-4)?
False
Suppose 4*x = x + 228. Let f = 115 - x. Is 11 a factor of f?
False
Let r(s) = -s**3 + 11*s**2 - 9*s - 3. Let x be r(10). Let q = x - -3. Is 6 a factor of q?
False
Let c be (4 - 0)*2/(-4). Let o be 24 - 0/(c - -4). Let j = o + -11. Is j a multiple of 5?
False
Let n(t) = 2*t**3 + t**2 - t + 1. Let x be n(1). Is 11 a factor of 2 + -3 + x*4?
True
Let o = 214 - 148. Suppose o - 6 = q. Is q a multiple of 20?
True
Suppose v + 1 = 17. Does 12 divide v?
False
Let d = 29 - -6. Does 7 divide d?
True
Let p be (-20)/((-2 - -1)*1). Suppose -3*z + 5*g + 52 = -8, -z + 5*g + p = 0. Does 8 divide z?
False
Let j(f) = 9*f**2 + 16*f + 1. Let w(p) = -3*p**2 - 5*p. Let z(y) = -2*j(y) - 7*w(y). Is z(2) a multiple of 6?
False
Let s be 4/((-4)/(-3)) + 59. Let m = -25 + s. Is m a multiple of 18?
False
Let p(o) = o**2 + 3*o - 1. Let b(q) = 2*q**2 + 7*q - 3. Let c(g) = -6*b(g) + 13*p(g). Is 8 a factor of c(5)?
False
Let v = -7 + 6. Is 14 a factor of (0 - v) + 108/4?
True
Suppose -i + 12 + 46 = 0. Is i a multiple of 29?
True
Suppose -3*d = -z - 4*d - 82, 5*d = -2*z - 161. Let x = z - -186. Suppose -4*g + x = 15. Does 11 divide g?
True
Let j(d) = -d - 2. Let w be j(3). Let k = 12 + w. Does 3 divide k?
False
Suppose 322 = 2*f + 2*d, -d + 321 = 2*f + 2*d. Does 9 divide f?
True
Let u(q) = 10*q**2 - 7*q + 9. Is u(3) a multiple of 13?
True
Let b(y) = -2*y**3 + 18*y**2 - 31*y - 7. Let d(l) = l**3 - 9*l**2 + 16*l + 4. Let p(z) = -6*b(z) - 11*d(z). Is p(8) a multiple of 14?
True
Suppose -5*d = -351 - 109. Is d a multiple of 11?
False
Let w(n) = -n + 5. Let k be w(0). Let z(g) = 2*g**3 - 3*g**2. Let y be z(3). Let i = y - k. Is 14 a factor of i?
False
Suppose -3*j + 6 = 2*u + u, 5*u + 2 = j. Suppose 3*m - 53 + 11 = u. Let a = m + -9. Is a even?
False
Let j be (4/(-3))/((-2)/(-12)). Let k be 6/(-15) + 134/10. Let t = k + j. Does 4 divide t?
False
Let m(b) = b**2 + 4*b - 2. Let v = 17 - 12. Let j be m(v). Suppose 2*d - 3*x = j, 4*x - 5 = -d - 0*x. Does 5 divide d?
False
Let v = 61 + -24. Is 6 a factor of v?
False
Suppose -2*l + 4 = -0*l. Suppose -3*o + 6*o + l*a - 18 = 0, 4*o - 2*a - 38 = 0. Suppose d - 32 = o*x - 3*x, 3*d - 72 = 3*x. Does 14 divide d?
False
Let w be (4/3)/((-10)/(-15)). Let g be 11 + w - (1 + 0). Let s = -7 + g. Is s even?
False
Suppose -3*v + v - g = -5, 2*g + 8 = 5*v. Suppose 3*b + v*j = 16, -26 = -5*b + j + 5. Does 4 divide b?
False
Suppose 0 = 2*a + 5*t - 20, -4*t + 4 = -4. Is 5 a factor of a?
True
Let v be 1/(-2 - -3 - 2). Is 11 a factor of (1/3)/(v/(-57))?
False
Is 13 a factor of (-1221)/(-27) + 12/(-54)?
False
Is 3/(36/328) + 6/9 a multiple of 14?
True
Let w(i) = 27*i - 1. Let j be w(-1). Let p = 59 + j. Is p a multiple of 27?
False
Let n(q) = -3*q. Let i be n(-2). Suppose p + 80 = i*p. Does 11 divide p?
False
Suppose 3*x - 4*d - 43 = d, 0 = x - 5*d - 31. Is x a multiple of 2?
True
Suppose 11 = 4*o - 13. Let f(l) be the second derivative of l**4/12 - 5*l**3/6 + 3*l**2 + l. Is f(o) a multiple of 5?
False
Suppose 2*t = -4*p + 250, 0 = -3*t - 2*p - 2*p + 365. Suppose -2*w = 3*w - t. Suppose 0*l + w = l. Does 8 divide l?
False
Let q(n) = -n**3 - 3*n**2 - 10*n + 14. Does 23 divide q(-7)?
False
Let d = 168 + -114. Is d a multiple of 9?
True
Let d(t) = t**3 + 7*t**2 - 3*t - 7. Let c be d(-7). Let i = c + 8. Is 11 a factor of i?
True
Let i(j) = 11*j - 6. Suppose t - 18 = -0*t + 5*b, 5*t = 5*b + 50. Does 29 divide i(t)?
False
Suppose -2*p + 0*p = 5*x + 28, -3*p = -4*x - 27. Let r = x - -31. Is 25 a factor of r?
True
Suppose 253 - 3 = 5*m. Does 10 divide m?
True
Let w be (267/1)/(-9 + 12). Let f = w + -47. Is f a multiple of 7?
True
Suppose -4*k + 140 = 5*p, 0*k + k = 2*p - 69. Does 16 divide p?
True
Let x = 36 - 2. Is 4 a factor of x?
False
Does 4 divide 2 + 0 + -3 - -13?
True
Suppose -2*k - 6 = 5*n, -4*n + 0*k - 6 = 2*k. Does 14 divide 46 + n + (2 - 3)?
False
Let w be 6*(-2)/4 + -4. Let s(i) = i**3 + 7*i**2 - 8*i - 7. Does 13 divide s(w)?
False
Let c(h) = -2*h**3 - 3*h**2 + 1. Let a be c(-2). Suppose -q + 2 = 3*s, -2*q + 0 = -3*s + a. Does 7 divide 8/(-12)*(-21)/s?
True
Let q be 1 - -1 - (7 - -3). Let j = q - -23. Does 7 divide j?
False
Suppose 5*o + 205 = 6*o. Does 41 divide o?
True
Suppose 6 = -3*k - 45. Let f(r) = -r**3 - 2*r**2 + 2*r. Let d be f(2). Let i = d - k. Is i a multiple of 2?
False
Let q = 99 - 49. Does 10 divide q?
True
Let k(i) = -i - 6. Let b be k(-8). Let h = 18 - b. Suppose h = 4*t - 32. Is 7 a factor of t?
False
Suppose 10*f - 6*f - 620 = 0. Is f a multiple of 15?
False
Let o(q) = q**2 - q - 3. Let w be o(3). Suppose 3*u = -5*a + 242, -4*a + 3*a = w*u - 238. Suppose -5*p = 4*s - 29 - u, 4*s = -2*p + 96. Is s a multiple of 12?
False
Let w = 4 + 13. Suppose -2*i + 109 = w. Is 23 a factor of i?
True
Let b = 2 - -10. Suppose 3*c - b = 3. Is 5 a factor of c?
True
Let x = 0 + 3. Suppose 3*s - 44 = -2*m, 0*s + 105 = 5*s - x*m. Is 10 a factor of s?
False
Suppose -5*r + 8*o = 3*o + 60, -2*o = -3*r - 37. Let u = 32 + r. Is 9 a factor of u?
False
Let h be (-43)/(-4) + 3/(-4). Is (h + -2 + 2)*2 a multiple of 16?
False
Let o = 612 + -433. Let t = o + -116. Suppose -4*c + t = 7. Is 7 a factor of c?
True
Let i(w) = -w - 7. Suppose 5*a = 3*a - 14. Let v be i(a). Suppose -4*p + 5*p = -5*x + 38, x + p - 10 = v. Is 7 a factor of x?
True
Let d(c) = -4*c + 4. Let f be d(-5). Let v = 38 - f. Is 14 a factor of v?
True
Suppose -5*t + 72 = -283. Suppose 3*g - t = -4*p, -2*g - 6 = -0*g. Is p a multiple of 18?
False
Suppose -u + 0*u = 65. Let q = u + 101. Does 17 divide q?
False
Suppose 0 = i - d - 27, -107 - 34 = -5*i + 3*d. Is 10 a factor of i?
True
Suppose -2*m - 5*o + 14 = -o, 3*m + 5*o = 20. Suppose -k + 5*q + 56 = 0, -3*k + m*q = -106 - 22. Is 18 a factor of k?
True
Let a = -12 + 15. Suppose -5*q = -2*t - 115, -2*t - 25 = a*t. Does 16 divide q?
False
Suppose 0 = 5*v - 0*v - 100. Suppose 34 = j - 0*j + 5*r, -5*r = -v. Suppose 2*o + j = 70. Is 14 a factor of o?
True
Is 4 a factor of (-5)/(-1 - -21) + 353/4?
True
Suppose 4*t - 7*t = -261. Is 16 a factor of t?
False
Let s(o) = -o - 18. Let b be s(-8). Let h be (-108)/(-45) - (-4)/b. Suppose 0 = -h*x - 15 + 105. Is x a multiple of 16?
False
Let d = 17 + 11. Is 7 a factor of d?
True
Let n(q) = -q**3 - 5*q**2 + 6*q + 2. Let i be n(-6). Suppose -i*p + 3*p + 6 = 0. Let r(z) = z + 13. Is r(p) a multiple of 7?
True
Let c be (12/15)/(2/10). Suppose 0 = -c*u + 5*l + 36, u = -2*u + 5*l + 27. Is 8 a factor of u?
False
Suppose -y = -2*t - 7, -t - 6 - 5 = -y. Does 15 divide y?
True
Let z(q) = q**2 + 8*q - 6. Let u be z(-5). Let c be (u/3)/(-1) + -1. Does 7 divide (c/(-4))/(4/(-56))?
True
Suppose -37*l + 15 = -34*l. Let u = -1 + 5. Suppose 4*x + u = 4*s + 28, l*x = -s + 12. Is x a multiple of 3?
True
Let y(x) = 1 - 5*x**2 - 6 - 2 + x**3. Let k be y(5). Let v = 22 + k. Is v a multiple of 15?
True
Suppose m - 1 = -3. Let r be 62/12 + m/12. Does 13 divide 63/r - 2/(-5)?
True
Let m(a) = -a**2 + 5*a + 3. Let g be m(6). Is 6 a factor of g/6*-17*2?
False
Suppose -z = -21 - 0. Suppose 4*r - 53 = -z. Does 4 divide r?
True
Let k = 0 + -2. Let i = k - -13. Suppose 0 = 2*v - i - 17. Does 9 divide v?
False
Let x(d) = -d**2 - d + 1. Let c be x(0). Let l = c - -1. Is (7*-2)/(l/(-4)) a multiple of 14?
True
Let i = 2 - 3. Let c = i + 3. Let r(m) = 4*m**3 - 3*m**2 + m - 2. Does 10 divide r(c)?
True
Let j = -1 + 5. Suppose 4*b + 5 = f, -5*f - j*b + 9*b + 25 = 0. Suppose -139 = -f*r - o, r = 3*o + 9 + 22. Does 12 divide r?
False
Let x(a) = a**3 - 6*a**2 + 3*a + 1. Is 10 a factor of x(7)?
False
Suppose 3*t + 3*x - 26 = -119, 0 = 4*t + x + 130. Let v = 93 + t. Suppose 4*g - v = g. Does 10 divide g?
True
Suppose -5 = l, -l + 14 = 3*r + l. Is r a multiple of 4?
True
Let v = 88